510)/(-21) + 6/(-21).
21
Suppose 0 = -15*j - 237 + 5922. Suppose -323 = -8*t - 9*t. What is the remainder when j is divided by t?
18
Suppose -62*y + 1830 = -72*y. Let p = -168 - y. Let x = -16 - -25. Calculate the remainder when p is divided by x.
6
Suppose n - 4*q + 116 - 331 = 0, 2*q - 10 = 0. Suppose 10*z = -25 + n. Suppose -5*h + z = -4*h. What is the remainder when 76 is divided by h?
13
Let r(x) = 16*x**3 + 3*x**2 + 57*x - 193. Calculate the remainder when r(4) is divided by 5.
2
Let f(w) = -27*w + 532. What is the remainder when 737 is divided by f(17)?
7
Let x(r) = 14 - r + 44*r**2 - 12*r**2 - 16*r**2 - 15*r**2. What is the remainder when 80 is divided by x(0)?
10
Suppose g - 3*s = 6*g + 639, -s + 131 = -g. Let d = 150 + g. Let a(j) = 19*j + 4. Calculate the remainder when a(3) is divided by d.
19
Suppose -3623 - 4332 = -51*m - 50. Calculate the remainder when m is divided by 78.
77
Suppose -244*h - 756 = -262*h. Suppose 0 = -4*y - 38 - 10. What is the remainder when 15 is divided by y/h + (-69)/(-21)?
0
Let q(j) = -3053*j + 6160. What is the remainder when ((-71)/1)/((-1)/3) is divided by q(2)?
51
Suppose 24 = -d + 5*d. Let a(f) = -f**2 + 9*f - 15. Let m be a(d). Suppose -108 = -m*t + 69. What is the remainder when t is divided by 10?
9
Suppose 165*i = 164*i + 69. Let n(o) = 17*o + 13. Let g(l) = -8*l - 6. Let b(z) = -9*g(z) - 4*n(z). What is the remainder when i is divided by b(4)?
15
Let m be (0/2 + (-27)/18)*-8. Suppose 15*p = m*p + 75. Calculate the remainder when 149 is divided by p.
24
Suppose 0 = -5*i - 3*c + 275, 10*i - 2*c + 222 = 14*i. Calculate the remainder when i is divided by (-6)/(-5)*100/6.
18
Let y = -13769 - -15797. What is the remainder when y is divided by 67?
18
Suppose -v + 43 = -5*f, 284*v - 4*f = 286*v - 44. Calculate the remainder when 590 is divided by v.
2
Let h(k) = k**3 + 19*k**2 - 13*k - 527. Calculate the remainder when 475 is divided by h(-18).
10
Calculate the remainder when 522 is divided by (168 - -14 - 8)*1.
0
Suppose -13*w + 961 = -781. Calculate the remainder when 1051 is divided by w.
113
Suppose -7*o + 1319 = 395. Let w = -110 + o. Calculate the remainder when 128 is divided by w.
18
Let g be 110/33*(-3)/(-2). Suppose -3*n - d = -83, g*d - 139 = -3*n - 36. Calculate the remainder when n is divided by -1 - -9 - (-3 - 20/(-4)).
2
Let r = -3 - -11. Let a = -44309 - -44331. What is the remainder when a is divided by r?
6
Let j(t) = -4*t**3 - 3*t**2 + 2*t - 4. Let o be j(7). Let w = 2285 + o. Suppose w = 13*i - 420. What is the remainder when i is divided by 16?
12
Calculate the remainder when 2050 is divided by 2/(((69/18)/23)/3).
34
Suppose z = -4, 3*z = 5*y + 48 - 310. Let x(i) = 6*i**2 + 36*i - 284. Calculate the remainder when x(6) is divided by y.
48
Let l(t) = -3*t**3 - 18*t**2 - 49*t - 256. What is the remainder when l(-10) is divided by 715?
4
Suppose -9469*r + 5810 = -9455*r. Calculate the remainder when r is divided by 2.
1
What is the remainder when 1649 is divided by -20 + 644/23 + 5*1?
11
Let i = 3801 - 3691. Let k = -8 - -13. Suppose -k*c = -w - 142, 4*c - 4*w = -0*c + 120. What is the remainder when i is divided by c?
26
What is the remainder when 1315 is divided by (-1306)/(-1) + (-6 + 16 - 20 - -15)?
4
Let m(h) = -h**3 + 9*h**2 + 8*h + 48. Calculate the remainder when 609 is divided by m(9).
9
Suppose 4*v + 144 = -256. Let o = v + 103. Suppose n = o + 5. Calculate the remainder when 46 is divided by n.
6
Suppose 5*v + 3*m - 16 = 0, 2*m = -v + 8 - 2. What is the remainder when v/(-6 - -2)*-212 is divided by (12/8)/(2/48)?
34
Let n(r) = r**2 + 18*r - 9. Let k be (1 - 2/(-1))*9/(-27). Let c(w) = -21*w**2 + 2*w + 2. Let f be c(k). Calculate the remainder when n(f) is divided by 15.
9
Let v = 5814 - 5347. Calculate the remainder when v is divided by 92.
7
Let g(i) = -8*i + 4. Suppose -64*m + 73*m = -18*m + 2592. What is the remainder when m is divided by g(-4)?
24
Let b be (-46)/10 + 2 + 36/(-15). What is the remainder when 193 is divided by ((-2)/b*-1)/((-3)/105)?
11
Suppose -1737*l + 1739*l - 142 = 0. What is the remainder when 263 is divided by l?
50
Let s = -41 + 52. Suppose -12*v + s*v = -38. What is the remainder when 147 is divided by v?
33
Let t(i) = -20*i + 670. What is the remainder when t(7) is divided by 174?
8
Let f = 6105 - 6102. Calculate the remainder when 148 is divided by f.
1
Suppose 2*v + 2 = -4*g + 22, 4*g - 3*v = 30. Let z be 2*g/12 + 1 + 2. Suppose -160 = -z*k + 76. What is the remainder when k is divided by 15?
14
Let z = -127 - -134. Let k(d) = -6*d + 2. Let a(v) = 2. Let b(r) = -6*a(r) - 2*k(r). What is the remainder when b(z) is divided by 14?
12
Let b(d) = d**3 - 20*d**2 - 20*d - 23. Let o be b(21). Let y be -9*2/(-15)*(-165)/o. Let c = -77 + y. Calculate the remainder when 41 is divided by c.
19
Let o = 5879 - 5859. Calculate the remainder when 264 is divided by o.
4
Suppose -100 + 34 = -6*d. What is the remainder when -1 - (-24)/(-36)*3*-41 is divided by d?
4
Let y(z) = -63*z + 5. Let a be y(-1). Suppose -a = -4*j + 16. What is the remainder when 91/21*(17 - -1) is divided by j?
15
Suppose 5*a - 64 - 16 = 0. Suppose -2*g + 3*g = a. Calculate the remainder when 6/69 - 21945/(-759) is divided by g.
13
Let x be 8/(16/36290) + 5. Suppose 0 = 23*b - 1515 - x. What is the remainder when b is divided by 11?
8
Let s(k) = -9*k**2 - 2*k + 188. What is the remainder when 662 is divided by s(0)?
98
Suppose -3*n = 5*c + 6, 2*n + c + c + 4 = 0. Calculate the remainder when 42 is divided by n/(-11) - 480/(-22).
20
Suppose -3*m = g - 2708, -10*g + 11*g - 26*m = 2766. Calculate the remainder when g is divided by 194.
192
Suppose 13*y - 108 = 9*y. Calculate the remainder when 835/4 + (y/(-12))/(-9) is divided by 42.
41
Suppose -14*t - 1569 = -b - 4*t, -2*b = 5*t - 3063. Calculate the remainder when b is divided by 35.
34
Suppose -5*l = 5*v - 695, -10*v + 12*v - 248 = 4*l. Calculate the remainder when 1605 is divided by v.
131
Suppose -24*u + 18904 = 112*u. Calculate the remainder when u is divided by 18.
13
Let c(g) = 126*g - 720. Calculate the remainder when 323 is divided by c(6).
35
Suppose 65 = 5*q - 5*o, -o = 2*q - 5*o - 24. Suppose -3*v = -25 - q. What is the remainder when 206 is divided by v?
11
Let g = 457 - 459. What is the remainder when 201 is divided by 765/18*g/(-5)?
14
Let b be ((-2)/(-4) - 0)*(-78)/(-13). Suppose 4*a + b*a - 1113 = 0. Let c = 0 + 41. Calculate the remainder when a is divided by c.
36
Let s = -12 + 24. Suppose 0 = l + 4*a - 165 + 83, -4 = -2*a. Calculate the remainder when l is divided by 44/6*s/8.
8
Let f be ((-15)/10)/(1/(-2)). Suppose -2*a = m - 131, 7*a = f*m + 3*a - 413. What is the remainder when (-30)/m + 778/18 is divided by 9?
7
Let z(r) = 3*r**2 + 48*r + 191. Let w = 1335 - 799. What is the remainder when w is divided by z(-10)?
8
Suppose -224*d + 19644 - 2620 = 0. What is the remainder when 1927 is divided by d?
27
Suppose -i - 3*j + 290 = 0, -5*j + 149 = i - 139. Suppose 0 = 5*h - i - 122. Calculate the remainder when h is divided by 18.
11
Suppose 32*v - 585 = 23*v. Let w = -53 + v. Let h = 30 - -4. What is the remainder when h is divided by w?
10
Let u = -4203 + 4248. What is the remainder when 131 is divided by u?
41
Let s be 1 - 14/12 - (-27712)/384. Let x = 86 - s. Calculate the remainder when 54 is divided by x.
12
Suppose 4*b + 2*y - 676 = -26, 4*y = -4. Suppose 4*l + 4 + 0 = 0, -5*m + 5*l = -170. What is the remainder when b is divided by m?
31
Suppose -34 = -2*r - 8. Suppose 0 = -10*w + 883 + 307. Let l = -55 + w. What is the remainder when l is divided by r?
12
Let t be (-80)/6*270/(-15). Suppose 32 = -t*v + 242*v. Calculate the remainder when 43 is divided by v.
11
Suppose 27*q - 1400 = 23*q. Suppose x - 224 = 3*y, -5*x = -3*y - q - 710. What is the remainder when x is divided by 30?
29
What is the remainder when -4 + 316*(76/(-16) + 6) is divided by 122?
25
Let n(f) = 20*f**3 - 6*f. Let k(z) = 7*z**3 - 2*z. Let m(h) = -17*k(h) + 6*n(h). Let y = -2964 + 2977. What is the remainder when y is divided by m(2)?
1
Let n = 31 - 40. Let v(l) = l**3 + 12*l**2 + 10*l + 39. What is the remainder when v(n) is divided by 15?
12
Let r(g) = -g**3 + 7*g**2 - g + 10. Let a be r(0). Suppose 0 = -4*u - 3*n - 25, -3*u - 24 = -n + 5*n. 